 11*j + 21. What is l(11)?
21
Let s(k) = k**2 + 26*k - 234. Give s(-33).
-3
Let u(n) = 6*n**3 + 2*n**2 - 1. Calculate u(1).
7
Let k(q) = q**3 - q**2 + q - 5. Determine k(0).
-5
Let i(c) = -3*c + 6. Determine i(2).
0
Let r(u) = 8*u - 15. What is r(8)?
49
Let b(u) = -8*u - 1. Give b(3).
-25
Let o(w) = w + 5. Determine o(7).
12
Let n(v) = -v**3 - 9*v**2 - 12. Give n(-9).
-12
Let c(b) = -4*b**3 - b**2 + 6*b - 15. Give c(2).
-39
Let a(x) = 7*x + 27. Determine a(-3).
6
Let f(m) = m**3 - 6*m**2. Determine f(4).
-32
Let m(i) = -16*i**2 + 2*i. Determine m(1).
-14
Let c(l) = l**2 + 23*l - 65. Calculate c(-23).
-65
Let c(i) = -7*i - 54. Calculate c(-9).
9
Let c(n) = n**3 + 7*n**2 + 3*n - 6. Calculate c(-5).
29
Let c(s) = -6*s - 4. Calculate c(2).
-16
Let x(y) = -y**2 + 2*y + 2. Calculate x(-4).
-22
Let r(l) = l**2 + 5*l - 7. Give r(-5).
-7
Let c(h) = -h**3 + 10*h**2 - 11*h + 13. Determine c(7).
83
Let y(j) = -j**3 + 6*j**2 + j + 5. Determine y(6).
11
Let j(h) = h**3 - 2*h**2 + h + 4. Give j(-2).
-14
Let a(m) = 20*m**2 + 2*m - 1. Calculate a(1).
21
Let y(v) = v**2 + 4*v + 6. What is y(-4)?
6
Let w(p) = p**3 - 2*p**2 - p + 3. Give w(-2).
-11
Let l(b) = -26*b**3 + 2*b**2 + 3*b + 1. Calculate l(-1).
26
Let d(b) = b**3 + 4*b**2 - 4*b - 4. Determine d(-5).
-9
Let u(q) = q**2 + 15*q + 22. Give u(-12).
-14
Let a(y) = 2*y**2 + 82*y + 238. Determine a(-38).
10
Let b(k) = -k**3 - 11*k**2 + 8*k + 3. Determine b(-12).
51
Let r(t) = -t**3 + 11*t**2 - 29*t - 9. Give r(6).
-3
Let u(z) = 5*z**3 - 111*z**2 + 13*z + 203. Calculate u(22).
5
Let c(q) = 2*q**2 - 20*q + 49. Determine c(8).
17
Let v(g) = g**3 + 11*g**2 + 8*g - 14. What is v(-10)?
6
Let d(w) = -w**3 - 3*w**2 + 3*w - 17. Determine d(-4).
-13
Let q(n) = -n**2 - 18*n + 6. What is q(-14)?
62
Let c(a) = -4*a**3 - 4*a**2 - 4*a - 2. What is c(-1)?
2
Let s(a) = a - 6. Give s(1).
-5
Let m(q) = -q**2 - 10*q - 11. Give m(-8).
5
Let t(g) = 8*g + 35. Determine t(-6).
-13
Let w(m) = -m. Calculate w(1).
-1
Let a(d) = d**3 + 11*d**2 + 12*d + 11. Calculate a(-8).
107
Let j(s) = s**2 + 16*s - 21. Determine j(-17).
-4
Let j(x) = x**2 + 9*x + 8. Give j(-13).
60
Let y(t) = t**2 + t + 6. Determine y(0).
6
Let z(h) = -2*h**2 - 3*h - 2. What is z(2)?
-16
Let g(d) = -39*d**3 - d. What is g(1)?
-40
Let v(m) = m**3 + 41*m**2 - 8*m - 334. Determine v(-41).
-6
Let b(u) = -10*u**2 - 3*u - 2. What is b(-2)?
-36
Let z(y) = 7*y**2 + 5*y - 5. Determine z(4).
127
Let t(d) = d**3 - 9*d**2 + d - 3. What is t(9)?
6
Let c(q) = -2*q**2 + 3*q + 9. Give c(-6).
-81
Let u(o) = -o**2 - 5. Give u(2).
-9
Let i(t) = -t**2 + 8*t - 3. Determine i(6).
9
Let c(b) = b**2 - 11*b + 9. Determine c(4).
-19
Let j(x) = -x**2 - 23*x - 41. Give j(-10).
89
Let y(l) = -l**2 - 2*l + 28. Determine y(-7).
-7
Let b(k) = -k**2 - 6*k + 37. What is b(0)?
37
Let x(i) = 13*i - 62. Calculate x(5).
3
Let i(p) = p**3 - 17*p**2 + 43*p - 6. Calculate i(14).
8
Let m(s) = 9*s - 112. Calculate m(12).
-4
Let n(c) = -2*c - 13. What is n(-5)?
-3
Let x(d) = 2*d**3 - 15*d**2 + 15*d - 55. Determine x(7).
1
Let y(k) = 2*k + 13. Give y(4).
21
Let f(n) = 17*n**2 + 2*n + 1. Give f(-1).
16
Let s(h) = h**3 + 5*h**2 - 4*h - 5. What is s(-5)?
15
Let b(x) = x + 13. Give b(-18).
-5
Let f(s) = 8*s**2 - 2. Calculate f(-2).
30
Let k(p) = 7*p - 3. Calculate k(4).
25
Let a(k) = -k. What is a(-3)?
3
Let m(p) = p**3 - p**2 - 6*p - 4. Calculate m(5).
66
Let z(y) = 9*y**2 - 3*y + 1. What is z(-2)?
43
Let q(i) = i + 28. What is q(13)?
41
Let u(p) = 2*p**2 - 49*p + 33. Calculate u(24).
9
Let o(y) = y**2 - 6*y - 1. Calculate o(8).
15
Let q(a) = a**2 - 15*a - 29. Give q(17).
5
Let g(t) = -6*t - 93. Calculate g(-17).
9
Let a(c) = -2*c**2 + 20*c - 30. Give a(11).
-52
Let l(r) = -r**3 + 4*r**2 - r. Give l(4).
-4
Let w(a) = 8*a + 72. What is w(-21)?
-96
Let s(i) = i**3 - 17*i**2 + 15*i. Calculate s(16).
-16
Let d(t) = 6*t - 44. Calculate d(11).
22
Let b(d) = 7*d - 73. Give b(10).
-3
Let x(q) = -q**3 - 6*q**2 + 8*q + 6. Determine x(-6).
-42
Let o(u) = 21*u - 22. What is o(4)?
62
Let a(f) = -3*f - 23. Determine a(-6).
-5
Let g(a) = -a**2 + 3*a. Determine g(-1).
-4
Let h(n) = n**3 - 7*n**2 - 32*n + 25. What is h(10)?
5
Let h(d) = 2*d**3 + 13*d**2 + 2*d - 13. What is h(-5)?
52
Let i(u) = 5*u**2 + u. Give i(1).
6
Let b(r) = r**2 + 12*r - 9. Give b(-9).
-36
Let a(i) = -i**3 + 3*i**2 + 6*i + 6. Give a(5).
-14
Let i(w) = -2*w**2 + w - 10. Give i(3).
-25
Let y(t) = 7*t + 7. What is y(-6)?
-35
Let d(j) = -j**2 - 13*j - 1. Calculate d(-13).
-1
Let j(b) = 6*b**2 - 22*b - 3. Calculate j(4).
5
Let k(j) = 3*j + 32. Determine k(-13).
-7
Let u(m) = m**2 - 8*m - 3. Calculate u(9).
6
Let g(o) = o**3 + 5*o**2 + 2*o + 11. Give g(-5).
1
Let q(p) = -2*p**2 - 30*p - 17. Calculate q(-14).
11
Let j(c) = -10*c + 4. Determine j(1).
-6
Let b(s) = s**2 + 55*s + 420. What is b(-46)?
6
Let g(r) = -2*r**2 - 2*r + 14. Determine g(0).
14
Let n(g) = g**2 + 14*g + 27. What is n(-12)?
3
Let d(r) = -r**3 - 3*r**2 + 3*r - 3. Give d(-3).
-12
Let m(c) = c**3 - c - 7. Give m(-4).
-67
Let p(b) = -b**3 - b**2 + 2*b + 6. What is p(-3)?
18
Let y(n) = -10*n - 3. Calculate y(-1).
7
Let q(x) = x**3 + x**2 + x. Calculate q(3).
39
Let l(n) = -5*n - 14. Determine l(-2).
-4
Let k(m) = -m**3 + 6*m**2 - 2*m + 7. Give k(5).
22
Let z(p) = 5*p - 8. Determine z(2).
2
Let s(h) = h**3 + 15*h**2 - h - 27. Determine s(-15).
-12
Let r(f) = -20*f + 63. Give r(3).
3
Let h(o) = -o**2 - 5*o + 4. Calculate h(-7).
-10
Let u(c) = c + 3. Determine u(-4).
-1
Let u(i) = 24*i - 58. Determine u(2).
-10
Let j(g) = -g**3 + 6*g**2 - 5*g + 2. What is j(5)?
2
Let w(a) = -a**3 + a**2 + 24*a - 4. Determine w(0).
-4
Let d(m) = -m - 7. Calculate d(-8).
1
Let l(r) = r**2 + 13*r + 40. Determine l(-10).
10
Let a(i) = i**3 + 23*i**2 + 43*i + 22. Determine a(-21).
1
Let w(q) = 52*q**2 + 6*q + 7. Give w(-1).
53
Let l(s) = -s**3 + 5*s**2 + 5*s + 7. Give l(6).
1
Let j(g) = g - 31. Give j(0).
-31
Let d(a) = 4*a**2 - a + 3. What is d(1)?
6
Let x(o) = 10*o - 7. Calculate x(2).
13
Let i(n) = -8*n**2 - 28. What is i(0)?
-28
Let b(l) = l**3 + 12*l**2 + 2*l + 16. Calculate b(-12).
-8
Let q(d) = -4*d**2 - 3*d + 2. Give q(-2).
-8
Let x(k) = -k**2 + 2*k + 21. Determine x(5).
6
Let k(t) = -t**3 - 7*t**2 - t - 23. Calculate k(-7).
-16
Let u(c) = -c**3 + 26*c**2 - 2*c + 47. Calculate u(26).
-5
Let u(f) = -f**3 + 13*f**2 - 24*f + 18. Determine u(11).
-4
Let r(f) = 2*f - 5. What is r(-2)?
-9
Let d(o) = -4*o - 14. Calculate d(-4).
2
Let a(s) = -18*s - 4. Calculate a(1).
-22
Let s(l) = -13*l + 5. What is s(-4)?
57
Let c(h) = -h**2 + 10*h - 10. Calculate c(5).
15
Let n(s) = -s**3 - 46*s**2 - 85*s + 109. Give n(-44).
-23
Let g(w) = -2*w + 3. Give g(-4).
11
Let h(u) = 5*u - 14. Calculate h(-6).
-44
Let b(n) = -n + 16. What is b(14)?
2
Let s(j) = -j**3 - 6*j**2 + 10*j + 13. Calculate s(-7).
-8
Let u(j) = -j**3 + 9*j**2 - 5*j - 1. Give u(5).
74
Let m(z) = z**3 - 4*z**2 + 2*z - 3. Determine m(3).
-6
Let r(x) = x**3 - 5*x**2 + 8*x - 8. Determine r(2).
-4
Let w(f) = -10*f + 85. Give w(9).
-5
Let m(w) = w**3 + w**2 - 4*w + 45. Determine m(0).
45
Let g(i) = i**3 - 5*i**2 - i - 4. Calculate g(5).
-9
Let o(d) = 11*d - 3. What is o(-5)?
-58
Let l(x) = 19*x - 94. Determine l(5).
1
Let b(s) = -s**3 - 7*s**2 - 6*s + 1. Give b(-4).
-23
Let j(q) = -q**3 - 3*q**2 + 7*q + 3. Calculate j(-5).
18
Let y(o) = -o**3 - 5*o**2 + 5*o - 16. Determine y(-6).
-10
Let m(q) = q**2 - 15*q - 30. Determine m(17).
4
Let g(w) = -w**3 + 5*w**2 + 2*w - 3. Determine g(7).
-87
Let k(u) = -u**2 - 59*u - 659. Calculate k(-15).
1
Let g(i) = -2*i**2 + 26*i - 78. Give g(6).
6
Let k(a) = -5*a**3 - 4*a**2 - 4*a + 10. Calculate k(-3).
121
Let m(d) = -d + 12. What is m(0)?
12
Let w(d) = d**2 - 14*d + 45. What is w(6)?
-3
Let h(p) = -p**3 - 5*p**2 - p + 3. Determine h(-2).
-7
Let a(o) = -o**3 + 9*o**2 - 12*o + 12. Calculate a(8).
-20
Let q(l) = -l + 13. Calculate q(6).
7
Let w(a) = 21*a + 70. Calculate w(-3).
7
Let j(k) = k**2 - 34*k - 135. What is j(-4)?
17
Let u(c) = -c**2 + 7*c + 2. Calculate u(6).
8
Let u(b) = b**3 - 3*b**2 + 2*b + 6. Determine u(3).
12
Let k(i) = -91*i + 3. Determine k(-1).
94
Let f(y) = -2*y**2 + 9*y - 9. Give f(4).
-5
Let s(z) = z**3 + 3*z**2 - 3*z - 6. Determine s(4).
94
Let r(k) = -k**2 - 25*k - 110. Determine r(-19).
4
Let b(q) = 10*q + 4. Give b(-5).